{"id":13,"date":"2017-01-02T12:12:49","date_gmt":"2017-01-02T11:12:49","guid":{"rendered":"http:\/\/ceqce.pl\/?page_id=13"},"modified":"2017-01-18T11:32:54","modified_gmt":"2017-01-18T10:32:54","slug":"analiza-druku","status":"publish","type":"page","link":"http:\/\/ceqce.pl\/index.php\/analiza-druku\/","title":{"rendered":"Analiza druku"},"content":{"rendered":"<p><div  class=\"fusion-fullwidth fullwidth-box nonhundred-percent-fullwidth\"  style='background-color: #ffffff;background-position: center center;background-repeat: no-repeat;padding-top:20px;padding-right:0px;padding-bottom:20px;padding-left:0px;'><div class=\"fusion-builder-row fusion-row \"><div  class=\"fusion-layout-column fusion_builder_column fusion_builder_column_1_1  fusion-one-full fusion-column-first fusion-column-last 1_1\"  style='margin-top:0px;margin-bottom:20px;'>\n\t\t\t<div class=\"fusion-column-wrapper\" style=\"background-position:left top;background-repeat:no-repeat;-webkit-background-size:cover;-moz-background-size:cover;-o-background-size:cover;background-size:cover;\"  data-bg-url=\"\">\n\t\t\t\t<div class=\"fusion-sep-clear\"><\/div><div class=\"fusion-separator fusion-full-width-sep sep-none\" style=\"margin-left: auto;margin-right: auto;margin-top:30px;\"><\/div><div class=\"imageframe-align-center\"><span class=\"fusion-imageframe imageframe-none imageframe-1 hover-type-none\"><img decoding=\"async\" loading=\"lazy\" src=\"http:\/\/ceqce.pl\/wp-content\/uploads\/2017\/01\/analiza_title.png\" width=\"166\" height=\"199\" alt=\"CQC Analiza druku\" title=\"analiza_title\" class=\"img-responsive wp-image-107\"\/><\/span><\/div><div class=\"fusion-title title fusion-title-center fusion-title-size-one\" style=\"margin-top:10px;margin-bottom:10px;\"><div class=\"title-sep-container title-sep-container-left\"><div class=\"title-sep sep-single sep-solid\"><\/div><\/div><h1 class=\"title-heading-center\">Analiza druku<\/h1><div class=\"title-sep-container title-sep-container-right\"><div class=\"title-sep sep-single sep-solid\"><\/div><\/div><\/div><p style=\"text-align: center;\">Analiza parametr\u00f3w druku, kt\u00f3ra zwi\u0119kszy Twoj\u0105 wydajno\u015b\u0107 i niezawodno\u015b\u0107.<\/p>\n<div class=\"fusion-title title fusion-sep-none fusion-title-size-two\" style=\"margin-top:15px;margin-bottom:10px;\"><h2 class=\"title-heading-left\">Co mierzymy?<\/h2><\/div><div class=\"chevron_outer\">\n<ul>\n<li class=\"txt\">G\u0119sto\u015b\u0107 optyczn\u0105 dla ka\u017cdego koloru\n<div class=\"txt\"><\/div>\n<\/li>\n<li class=\"txt\">\n<div class=\"txt\">Przyrost punktu rastrowego w 20%, 40% i 80% (25%, 50%,75%) dla ka\u017cdego koloru<\/div>\n<\/li>\n<li class=\"txt\">\n<div class=\"txt\">R\u00f3\u017cnic\u0119 przyrostu punktu rastrowego w 50% czyli tzw. dot gain spread<\/div>\n<\/li>\n<li class=\"txt\">\n<div class=\"txt\">Warto\u015bci Lab dla ka\u017cdego koloru CMYK i RGB<\/div>\n<\/li>\n<li class=\"txt\">\n<div class=\"txt\">Warto\u015bci Lab bieli papieru<\/div>\n<\/li>\n<\/ul>\n<\/div>\n<div class=\"fusion-title title fusion-sep-none fusion-title-size-two\" style=\"margin-top:15px;margin-bottom:10px;\"><h2 class=\"title-heading-left\">Gdzie mierzymy?<\/h2><\/div><p>Na ka\u017cdym arkuszu drukarskim umieszczony jest pasek kontrolny.<br \/>\nNie stosujemy \u017cadnych specjalnych arkuszy kalibracyjnych!<\/p>\n<div class=\"fusion-title title fusion-sep-none fusion-title-size-two\" style=\"margin-top:15px;margin-bottom:10px;\"><h2 class=\"title-heading-left\">Czym mierzymy?<\/h2><\/div><p>Wi\u0119kszo\u015b\u0107 wsp\u00f3\u0142czesnych maszyn wyposa\u017cona jest we w\u0142asne systemy skanuj\u0105ce paski kontrolne umieszczone na arkuszu. Dane z takiego paska w postaci zakodowanego pliku pobierane s\u0105 przez nas system CQC. Je\u015bli maszyna nie posiada systemu kontroli, PM Software, wkr\u00f3tce wyposa\u017cy drukarni\u0119 we w\u0142a\u015bciwy system pomiarowy. Nasi in\u017cynierowie i projektanci pracuj\u0105 nad unikatowym rozwi\u0105zaniem w sam raz dla Ciebie.<\/p>\n<div class=\"fusion-sep-clear\"><\/div><div class=\"fusion-separator fusion-full-width-sep sep-none\" style=\"margin-left: auto;margin-right: auto;margin-top:15px;\"><\/div><div class=\"imageframe-align-center\"><span class=\"fusion-imageframe imageframe-none imageframe-2 hover-type-none\"><img decoding=\"async\" loading=\"lazy\" src=\"http:\/\/ceqce.pl\/wp-content\/uploads\/2017\/01\/cqc-analiza-druku-1.png\" width=\"720\" height=\"517\" alt=\"CQC Analiza druku\" title=\"cqc-analiza-druku-1\" class=\"img-responsive wp-image-102\" srcset=\"http:\/\/ceqce.pl\/wp-content\/uploads\/2017\/01\/cqc-analiza-druku-1-200x144.png 200w, http:\/\/ceqce.pl\/wp-content\/uploads\/2017\/01\/cqc-analiza-druku-1-400x287.png 400w, http:\/\/ceqce.pl\/wp-content\/uploads\/2017\/01\/cqc-analiza-druku-1-600x431.png 600w, http:\/\/ceqce.pl\/wp-content\/uploads\/2017\/01\/cqc-analiza-druku-1.png 720w\" sizes=\"(max-width: 800px) 100vw, 1200px\" \/><\/span><\/div><div class=\"fusion-sep-clear\"><\/div><div class=\"fusion-separator fusion-full-width-sep sep-none\" style=\"margin-left: auto;margin-right: auto;margin-top:15px;\"><\/div><p>Dane z Twojej maszyny drukuj\u0105cej nap\u0142ywaj\u0105 do systemu non-stop. Ka\u017cda praca to osobne dane pomiarowe, kt\u00f3re w postaci pliku cyfrowego wpadaj\u0105 do systemu i natychmiast s\u0105 przez niego w\u0142a\u015bciwie interpretowane.<\/p>\n<div class=\"fusion-sep-clear\"><\/div><div class=\"fusion-separator fusion-full-width-sep sep-none\" style=\"margin-left: auto;margin-right: auto;margin-top:15px;\"><\/div><p>Wybierz zakres czasowy kt\u00f3ry Ci\u0119 interesuje albo prac\u0119 o kt\u00f3rej chcesz dowiedzie\u0107 si\u0119 czy zosta\u0142a prawid\u0142owo wydrukowana. Wybierz z menu numer maszyny i kolor lub kolory kt\u00f3re chcesz interpretowa\u0107. Je\u015bli chcesz zobaczy\u0107 jak zachowuje si\u0119 prz\u00f3d i ty\u0142 arkusza r\u00f3wnie\u017c wybierz odpowiedni\u0105 opcj\u0119 aby na\u0142o\u017cy\u0107 na siebie wszystkie dane. System zwr\u00f3ci Ci przejrzysty wykres w postaci najwa\u017cniejszych danych drukarskich odniesionych wprost do normy ISO 12647-2.<\/p>\n<div class=\"fusion-sep-clear\"><\/div><div class=\"fusion-separator fusion-full-width-sep sep-none\" style=\"margin-left: auto;margin-right: auto;margin-top:15px;\"><\/div><div class=\"imageframe-align-center\"><span class=\"fusion-imageframe imageframe-none imageframe-3 hover-type-none\"><img decoding=\"async\" loading=\"lazy\" src=\"http:\/\/ceqce.pl\/wp-content\/uploads\/2017\/01\/cqc-analiza-druku-2.png\" width=\"1426\" height=\"585\" alt=\"CQC Analiza druku\" title=\"cqc-analiza-druku-2\" class=\"img-responsive wp-image-103\" srcset=\"http:\/\/ceqce.pl\/wp-content\/uploads\/2017\/01\/cqc-analiza-druku-2-200x82.png 200w, http:\/\/ceqce.pl\/wp-content\/uploads\/2017\/01\/cqc-analiza-druku-2-400x164.png 400w, http:\/\/ceqce.pl\/wp-content\/uploads\/2017\/01\/cqc-analiza-druku-2-600x246.png 600w, http:\/\/ceqce.pl\/wp-content\/uploads\/2017\/01\/cqc-analiza-druku-2-800x328.png 800w, http:\/\/ceqce.pl\/wp-content\/uploads\/2017\/01\/cqc-analiza-druku-2-1200x492.png 1200w, http:\/\/ceqce.pl\/wp-content\/uploads\/2017\/01\/cqc-analiza-druku-2.png 1426w\" sizes=\"(max-width: 800px) 100vw, 1200px\" \/><\/span><\/div><div class=\"fusion-sep-clear\"><\/div><div class=\"fusion-separator fusion-full-width-sep sep-none\" style=\"margin-left: auto;margin-right: auto;margin-top:15px;\"><\/div><p>Przeanalizuj g\u0119sto\u015b\u0107 optyczn\u0105 druku dla swojej maszyny wybieraj\u0105c zakres czasowy kt\u00f3ry Ci\u0119 interesuje. Patrz\u0105c na otrzymane warto\u015bci na wykresie ocenisz czy Twoja maszyna drukuje zgodnie z norm\u0105 czy wymaga regulacji lub czynno\u015bci serwisowych. Patrz\u0105c na wykres ocenisz warto\u015bci \u015brednie i jej stabilno\u015b\u0107. Po najechaniu na punkt wykresu oznaczonego kropk\u0105 zobaczysz jakiego przedzia\u0142u czasowego i pracy on dotyczy. Kliknij na niego je\u015bli chcesz dosta\u0107 szczeg\u00f3\u0142owy raport tego, konkretnego zlecenia.<\/p>\n<div class=\"fusion-sep-clear\"><\/div><div class=\"fusion-separator fusion-full-width-sep sep-none\" style=\"margin-left: auto;margin-right: auto;margin-top:15px;\"><\/div><div class=\"imageframe-align-center\"><span class=\"fusion-imageframe imageframe-none imageframe-4 hover-type-none\"><img decoding=\"async\" loading=\"lazy\" src=\"http:\/\/ceqce.pl\/wp-content\/uploads\/2017\/01\/cqc-analiza-druku-3.png\" width=\"1412\" height=\"525\" alt=\"CQC Analiza druku\" title=\"cqc-analiza-druku-3\" class=\"img-responsive wp-image-104\" srcset=\"http:\/\/ceqce.pl\/wp-content\/uploads\/2017\/01\/cqc-analiza-druku-3-200x74.png 200w, http:\/\/ceqce.pl\/wp-content\/uploads\/2017\/01\/cqc-analiza-druku-3-400x149.png 400w, http:\/\/ceqce.pl\/wp-content\/uploads\/2017\/01\/cqc-analiza-druku-3-600x223.png 600w, http:\/\/ceqce.pl\/wp-content\/uploads\/2017\/01\/cqc-analiza-druku-3-800x297.png 800w, http:\/\/ceqce.pl\/wp-content\/uploads\/2017\/01\/cqc-analiza-druku-3-1200x446.png 1200w, http:\/\/ceqce.pl\/wp-content\/uploads\/2017\/01\/cqc-analiza-druku-3.png 1412w\" sizes=\"(max-width: 800px) 100vw, 1200px\" \/><\/span><\/div><div class=\"fusion-sep-clear\"><\/div><div class=\"fusion-separator fusion-full-width-sep sep-none\" style=\"margin-left: auto;margin-right: auto;margin-top:15px;\"><\/div><p>Oce\u0144 przyrost punktu rastrowego w odniesieniu do normy. Podobnie jak w przypadku g\u0119sto\u015bci optycznej obserwujesz jak zachowuje si\u0119 Twoja maszyna w tym samym przedziale czasowym co na wykresie powy\u017cej. Korzystaj\u0105c z menu mo\u017cesz zobaczy\u0107 jak wygl\u0105da przyrost punktu dla zakresu 20%, 40% i 80% 25% ,50%, 75%Te trzy warto\u015bci uj\u0119te w normie, na szczeg\u00f3\u0142owym wykresie zlecenia poka\u017c\u0105 Ci jak wygl\u0105da krzywa przyrostu punktu rastrowego dla ka\u017cdego koloru.<\/p>\n<div class=\"fusion-sep-clear\"><\/div><div class=\"fusion-separator fusion-full-width-sep sep-none\" style=\"margin-left: auto;margin-right: auto;margin-top:15px;\"><\/div><div class=\"imageframe-align-center\"><span class=\"fusion-imageframe imageframe-none imageframe-5 hover-type-none\"><img decoding=\"async\" loading=\"lazy\" src=\"http:\/\/ceqce.pl\/wp-content\/uploads\/2017\/01\/cqc-analiza-druku-4.png\" width=\"1419\" height=\"525\" alt=\"CQC Analiza druku\" title=\"cqc-analiza-druku-4\" class=\"img-responsive wp-image-105\" srcset=\"http:\/\/ceqce.pl\/wp-content\/uploads\/2017\/01\/cqc-analiza-druku-4-200x74.png 200w, http:\/\/ceqce.pl\/wp-content\/uploads\/2017\/01\/cqc-analiza-druku-4-400x148.png 400w, http:\/\/ceqce.pl\/wp-content\/uploads\/2017\/01\/cqc-analiza-druku-4-600x222.png 600w, http:\/\/ceqce.pl\/wp-content\/uploads\/2017\/01\/cqc-analiza-druku-4-800x296.png 800w, http:\/\/ceqce.pl\/wp-content\/uploads\/2017\/01\/cqc-analiza-druku-4-1200x444.png 1200w, http:\/\/ceqce.pl\/wp-content\/uploads\/2017\/01\/cqc-analiza-druku-4.png 1419w\" sizes=\"(max-width: 800px) 100vw, 1200px\" \/><\/span><\/div><div class=\"fusion-sep-clear\"><\/div><div class=\"fusion-separator fusion-full-width-sep sep-none\" style=\"margin-left: auto;margin-right: auto;margin-top:15px;\"><\/div><p>Oce\u0144 przyrost punktu rastrowego zgodnie z norm\u0105 ISO 12647-2. Tylko w ten spos\u00f3b dowiesz si\u0119 czy parametry Twojego druku s\u0105 w\u0142a\u015bciwe gdy\u017c <strong>CQC<\/strong> na wykresie i w raporcie sam obliczy warto\u015b\u0107 b\u0119d\u0105c\u0105 r\u00f3\u017cnic\u0105 pomi\u0119dzy warto\u015bci\u0105 zmierzon\u0105 w 50% a t\u0105 w normie. Metoda oceny jest identyczna jak w obydwu poprzednich przypadkach.<\/p>\n<p><strong>Czy\u017c nie jest to proste?<\/strong> Je\u015bli jeste\u015b szefem produkcji, drukarzem lub kontrolerem jako\u015bci, w szybki spos\u00f3b zyskujesz dost\u0119p do wszystkich najwa\u017cniejszych parametr\u00f3w druku i to w dowolnym przedziale czasowym! Tylko <strong>CQC<\/strong> robi to tak szybko i przedstawia dane, kt\u00f3re mo\u017cna natychmiast podda\u0107 szczeg\u00f3\u0142owej ocenie!<\/p>\n<div class=\"fusion-clearfix\"><\/div>\n\n\t\t\t<\/div>\n\t\t<\/div><\/div><\/div><div  class=\"fusion-fullwidth fullwidth-box nonhundred-percent-fullwidth\"  style='background-color: #3db6c9;background-position: center center;background-repeat: no-repeat;padding-top:20px;padding-right:0px;padding-bottom:20px;padding-left:0px;'><div class=\"fusion-builder-row fusion-row \"><div  class=\"fusion-layout-column fusion_builder_column fusion_builder_column_1_1  fusion-one-full fusion-column-first fusion-column-last 1_1\"  style='margin-top:0px;margin-bottom:20px;'>\n\t\t\t<div class=\"fusion-column-wrapper\" style=\"background-position:left top;background-repeat:no-repeat;-webkit-background-size:cover;-moz-background-size:cover;-o-background-size:cover;background-size:cover;\"  data-bg-url=\"\">\n\t\t\t\t<div class=\"fusion-title title fusion-sep-none fusion-title-center fusion-title-size-one\" style=\"margin-top:0px;margin-bottom:0px;\"><h1 class=\"title-heading-center\"><span style=\"color: #ffffff; font-size: 50px;\">PM SOLUTIONS<br \/>\n<\/span><\/h1><\/div><p style=\"text-align: center; font-size: 20px;\"><span style=\"color: #174076;\">NASZE POMYS\u0141Y I ROZWI\u0104ZANIA!<\/span><br \/>\n<span style=\"color: #ffffff; font-size: 20px;\">Szeroki asortyment nowoczesnego oprogramowania do automatyzacji proces\u00f3w<\/span><br \/>\n<span style=\"color: #ffffff; font-size: 20px;\">przygotowania plik\u00f3w PDF do druku \u2013 preflight, impozycji, automatycznej obr\u00f3bki zdj\u0119\u0107, generacji plik\u00f3w PDF, XML, <\/span><br \/>\n<span style=\"color: #ffffff; font-size: 20px;\">bitmap, przesy\u0142u plik\u00f3w FTP, mail, www -&gt; preflight -&gt; urz\u0105dzenia wyj\u015bciowe. <\/span><br \/>\n<span style=\"color: #ffffff; font-size: 20px;\">Oprogramowanie do standaryzacji i kalibracji toru druku.<\/span><\/p>\n<div class=\"fusion-button-wrapper fusion-aligncenter\"><style type=\"text\/css\" scoped=\"scoped\">.fusion-button.button-1 .fusion-button-text, .fusion-button.button-1 i {color:#ffffff;}.fusion-button.button-1 {border-width:0px;border-color:#ffffff;}.fusion-button.button-1 .fusion-button-icon-divider{border-color:#ffffff;}.fusion-button.button-1:hover .fusion-button-text, .fusion-button.button-1:hover i,.fusion-button.button-1:focus .fusion-button-text, .fusion-button.button-1:focus i,.fusion-button.button-1:active .fusion-button-text, .fusion-button.button-1:active{color:#ffffff;}.fusion-button.button-1:hover, .fusion-button.button-1:focus, .fusion-button.button-1:active{border-width:0px;border-color:#ffffff;}.fusion-button.button-1:hover .fusion-button-icon-divider, .fusion-button.button-1:hover .fusion-button-icon-divider, .fusion-button.button-1:active .fusion-button-icon-divider{border-color:#ffffff;}.fusion-button.button-1{background: #229fb5;}.fusion-button.button-1:hover,.button-1:focus,.fusion-button.button-1:active{background: #229fb5;}.fusion-button.button-1{width:auto;}<\/style><a class=\"fusion-button button-flat button-square button-xlarge button-custom button-1\" target=\"_blank\" rel=\"noopener noreferrer\" href=\"http:\/\/www.pm-software.com.pl\/\"><span class=\"fusion-button-text\">wi\u0119cej<\/span><\/a><\/div><div class=\"fusion-clearfix\"><\/div>\n\n\t\t\t<\/div>\n\t\t<\/div><\/div><\/div><div  class=\"fusion-fullwidth fullwidth-box fusion-parallax-none nonhundred-percent-fullwidth\"  style='background-color: #181818;background-image: url(\"http:\/\/ceqce.pl\/wp-content\/uploads\/2017\/01\/footer-bg.jpg\");background-position: center center;background-repeat: no-repeat;padding-top:20px;padding-right:0px;padding-bottom:20px;padding-left:0px;-webkit-background-size:cover;-moz-background-size:cover;-o-background-size:cover;background-size:cover;background-attachment:none;'><div class=\"fusion-builder-row fusion-row \"><div  class=\"fusion-layout-column fusion_builder_column fusion_builder_column_1_1  fusion-one-full fusion-column-first fusion-column-last 1_1\"  style='margin-top:0px;margin-bottom:20px;'>\n\t\t\t<div class=\"fusion-column-wrapper\" style=\"background-position:left top;background-repeat:no-repeat;-webkit-background-size:cover;-moz-background-size:cover;-o-background-size:cover;background-size:cover;\"  data-bg-url=\"\">\n\t\t\t\t<div class=\"fusion-title title fusion-sep-none fusion-title-center fusion-title-size-one\" style=\"margin-top:0px;margin-bottom:0px;\"><h1 class=\"title-heading-center\"><span style=\"color: #ffffff; font-size: 46px;\">KONTAKT<\/span><\/h1><\/div><p style=\"text-align: center;\"><span style=\"color: #3db6c9; font-size: 46px;\">+22 899 00 66 \/ 602 310 011<\/span><\/p>\n<div class=\"fusion-builder-row fusion-builder-row-inner fusion-row \"><div  class=\"fusion-layout-column fusion_builder_column fusion_builder_column_1_1  fusion-one-full fusion-column-first fusion-column-last fusion-one-full fusion-column-first fusion-column-last fusion-column-inner-bg-wrapper 1_1\"  style='margin-top: 0px;margin-bottom: 20px;'>\n\t\t\t<div class=\"fusion-column-wrapper\" style=\"border-width: 4px;border-color: #ffffff;border-style: solid;\" data-bg-url=\"\">\n\t\t\t\t<div class=\"fusion-sep-clear\"><\/div><div class=\"fusion-separator fusion-full-width-sep sep-none\" style=\"margin-left: auto;margin-right: auto;margin-top:5px;\"><\/div><p style=\"text-align: center;\"><span style=\"color: #ffffff; font-size: 46px;\">a.szymosz@pm-solutions.com.pl<\/span><\/p>\n\n\t\t\t<\/div>\n\t\t\t<span class=\"fusion-column-inner-bg hover-type-none\">\n\t\t\t\t<a href=\"mailto: a.szymosz@pm-solutions.com.pl\">\n\t\t\t\t\t<span class=\"fusion-column-inner-bg-image\" style=\"background-position:left top;background-repeat:no-repeat;-webkit-background-size:cover;-moz-background-size:cover;-o-background-size:cover;background-size:cover;\"><\/span><\/a>\n\t\t\t<\/span>\n\t\t<\/div><\/div><p style=\"text-align: center;\"><span style=\"color: #ffffff; font-size: 28px;\">UL. MENUETA 26A \/ 02 827 WARSZAWA \/ POLSKA<\/span><\/p>\n<div class=\"fusion-clearfix\"><\/div>\n\n\t\t\t<\/div>\n\t\t<\/div><\/div><\/div><\/p>\n","protected":false},"excerpt":{"rendered":"","protected":false},"author":1,"featured_media":0,"parent":0,"menu_order":0,"comment_status":"closed","ping_status":"closed","template":"100-width.php","meta":{"footnotes":""},"_links":{"self":[{"href":"http:\/\/ceqce.pl\/index.php\/wp-json\/wp\/v2\/pages\/13"}],"collection":[{"href":"http:\/\/ceqce.pl\/index.php\/wp-json\/wp\/v2\/pages"}],"about":[{"href":"http:\/\/ceqce.pl\/index.php\/wp-json\/wp\/v2\/types\/page"}],"author":[{"embeddable":true,"href":"http:\/\/ceqce.pl\/index.php\/wp-json\/wp\/v2\/users\/1"}],"replies":[{"embeddable":true,"href":"http:\/\/ceqce.pl\/index.php\/wp-json\/wp\/v2\/comments?post=13"}],"version-history":[{"count":10,"href":"http:\/\/ceqce.pl\/index.php\/wp-json\/wp\/v2\/pages\/13\/revisions"}],"predecessor-version":[{"id":160,"href":"http:\/\/ceqce.pl\/index.php\/wp-json\/wp\/v2\/pages\/13\/revisions\/160"}],"wp:attachment":[{"href":"http:\/\/ceqce.pl\/index.php\/wp-json\/wp\/v2\/media?parent=13"}],"curies":[{"name":"wp","href":"https:\/\/api.w.org\/{rel}","templated":true}]}}