{"id":11,"date":"2017-01-02T12:12:37","date_gmt":"2017-01-02T11:12:37","guid":{"rendered":"http:\/\/ceqce.pl\/?page_id=11"},"modified":"2017-01-18T11:33:35","modified_gmt":"2017-01-18T10:33:35","slug":"o-cqc","status":"publish","type":"page","link":"http:\/\/ceqce.pl\/index.php\/o-cqc\/","title":{"rendered":"O CQC"},"content":{"rendered":"<p><div  class=\"fusion-fullwidth fullwidth-box nonhundred-percent-fullwidth\"  style='background-color: #ffffff;background-position: center center;background-repeat: no-repeat;padding-top:20px;padding-right:0px;padding-bottom:20px;padding-left:0px;'><div class=\"fusion-builder-row fusion-row \"><div  class=\"fusion-layout-column fusion_builder_column fusion_builder_column_1_1  fusion-one-full fusion-column-first fusion-column-last 1_1\"  style='margin-top:0px;margin-bottom:20px;'>\n\t\t\t<div class=\"fusion-column-wrapper\" style=\"background-position:left top;background-repeat:no-repeat;-webkit-background-size:cover;-moz-background-size:cover;-o-background-size:cover;background-size:cover;\"  data-bg-url=\"\">\n\t\t\t\t<div class=\"fusion-sep-clear\"><\/div><div class=\"fusion-separator fusion-full-width-sep sep-none\" style=\"margin-left: auto;margin-right: auto;margin-top:30px;\"><\/div><div class=\"fusion-title title fusion-title-center fusion-title-size-one\" style=\"margin-top:10px;margin-bottom:10px;\"><div class=\"title-sep-container title-sep-container-left\"><div class=\"title-sep sep-single sep-solid\"><\/div><\/div><h1 class=\"title-heading-center\">Co to jest CQC?<\/h1><div class=\"title-sep-container title-sep-container-right\"><div class=\"title-sep sep-single sep-solid\"><\/div><\/div><\/div><p>Ka\u017cda maszyna drukuj\u0105ca to z\u0142o\u017cone urz\u0105dzenie. Kontrola jej parametr\u00f3w nie musi by\u0107 ani skomplikowana ani pracoch\u0142onna ani kosztowna. CQC to analityczny system cyfrowy, dzi\u0119ki kt\u00f3remu mo\u017cna w dowolnym przedziale czasowym okre\u015bli\u0107 dla dowolnej pracy, czy zosta\u0142a prawid\u0142owo wydrukowana w odniesieniu do standardu jakim jest norma ISO 12647-2.To tylko jedna z wielu korzy\u015bci jakie niesie za sob\u0105 korzystanie z CQC. Pozosta\u0142e zostan\u0105 om\u00f3wione w dziale Oce\u0144 swoje korzy\u015bci.<\/p>\n<div class=\"fusion-title title fusion-sep-none fusion-title-size-two\" style=\"margin-top:15px;margin-bottom:10px;\"><h2 class=\"title-heading-left\">Jak to dzia\u0142a?<\/h2><\/div><p>Ka\u017cdy proces analityczny to wiedza i czas jaki trzeba po\u015bwi\u0119ci\u0107 na zebranie szeregu danych, kt\u00f3re w\u0142a\u015bciwie zinterpretowane dadz\u0105 parametryczny obraz pracy urz\u0105dzenia. Wyobra\u017amy sobie dowoln\u0105 drukarni\u0119, w kt\u00f3rej znajduje si\u0119 wiele maszyn i ludzi, kt\u00f3rzy zamiast zajmowa\u0107 si\u0119 zadaniami generuj\u0105cymi przychody, skupiaj\u0105 si\u0119 na ci\u0105g\u0142ej kontroli, obliczeniach pomiarach itd. Praca ta cho\u0107 potrzeba jest bezproduktywna i jedyne co generuje to koszty. CQC wykona to za nas i co najwa\u017cniejsze zrobi to w pe\u0142ni automatycznie. In\u017cynierowie z PM Software opracowali metod\u0119 analizy danych, pracy maszyny drukuj\u0105cej, kt\u00f3ra wykorzystuje dane generowane podczas pomiar\u00f3w arkuszy drukarskich na kt\u00f3rych znajduje si\u0119 rzeczywista praca. Dane te w automatyczny spos\u00f3b przesy\u0142ane s\u0105 do konta klienta na serwerze CQC a nast\u0119pnie w dowolnym momencie mog\u0105 by\u0107 wywo\u0142ane przez zwyk\u0142\u0105 przegl\u0105dark\u0119 internetow\u0105. Oczywi\u015bcie suche dane zazwyczaj nic nikomu nie m\u00f3wi\u0105, dlatego CQC w przyjazny, graficzny spos\u00f3b przedstawia wyniki analizy w zakresach niezb\u0119dnych do prawid\u0142owej oceny parametr\u00f3w druku dla maszyny i konkretnej pracy kt\u00f3ra jest na niej drukowana.<\/p>\n<div class=\"fusion-title title fusion-sep-none fusion-title-size-two\" style=\"margin-top:15px;margin-bottom:10px;\"><h2 class=\"title-heading-left\">Dla kogo jest system CQC?<\/h2><\/div><p>Dla ka\u017cdego, kto posiada cho\u0107 jedn\u0105 maszyn\u0119 drukuj\u0105c\u0105 dwustronnie i zainteresowany jest kontrol\u0105 jej parametr\u00f3w druku. Dla ka\u017cdego kto cho\u0107 raz zmierzy\u0142 si\u0119 z reklamacj\u0105 klienta, kt\u00f3ry by\u0142 przekonany o winie drukarni i poni\u00f3s\u0142 z tego tytu\u0142u albo strat\u0119 finansow\u0105 albo co gorsza straci\u0142 klienta. Wreszcie dla ka\u017cdego, kto zawsze my\u015bla\u0142 o tym aby zrobi\u0107 standaryzacj\u0119 maszyn do normy ISO 12647-2 ale nigdy nie zrobi\u0142 jejz przyczyn obiektywnych, takich jak koszty, brak czasu, brak przekonania, \u017ce to dzia\u0142a itd. CQC to nie jest ani magia ani wydumane ch\u0119ci zrobienia czego\u015b nadzwyczajnego. To czysta matematyka i wiedza naszych in\u017cynier\u00f3w kt\u00f3r\u0105 przekazujemy w r\u0119ce naszych klient\u00f3w.<\/p>\n<div class=\"fusion-clearfix\"><\/div>\n\n\t\t\t<\/div>\n\t\t<\/div><\/div><\/div><div  class=\"fusion-fullwidth fullwidth-box nonhundred-percent-fullwidth\"  style='background-color: #3db6c9;background-position: center center;background-repeat: no-repeat;padding-top:20px;padding-right:0px;padding-bottom:20px;padding-left:0px;'><div class=\"fusion-builder-row fusion-row \"><div  class=\"fusion-layout-column fusion_builder_column fusion_builder_column_1_1  fusion-one-full fusion-column-first fusion-column-last 1_1\"  style='margin-top:0px;margin-bottom:20px;'>\n\t\t\t<div class=\"fusion-column-wrapper\" style=\"background-position:left top;background-repeat:no-repeat;-webkit-background-size:cover;-moz-background-size:cover;-o-background-size:cover;background-size:cover;\"  data-bg-url=\"\">\n\t\t\t\t<div class=\"fusion-title title fusion-sep-none fusion-title-center fusion-title-size-one\" style=\"margin-top:0px;margin-bottom:0px;\"><h1 class=\"title-heading-center\"><span style=\"color: #ffffff; font-size: 50px;\">PM SOLUTIONS<br \/>\n<\/span><\/h1><\/div><p style=\"text-align: center; font-size: 20px;\"><span style=\"color: #174076;\">NASZE POMYS\u0141Y I ROZWI\u0104ZANIA!<\/span><br \/>\n<span style=\"color: #ffffff; font-size: 20px;\">Szeroki asortyment nowoczesnego oprogramowania do automatyzacji proces\u00f3w<\/span><br \/>\n<span style=\"color: #ffffff; font-size: 20px;\">przygotowania plik\u00f3w PDF do druku \u2013 preflight, impozycji, automatycznej obr\u00f3bki zdj\u0119\u0107, generacji plik\u00f3w PDF, XML, <\/span><br \/>\n<span style=\"color: #ffffff; font-size: 20px;\">bitmap, przesy\u0142u plik\u00f3w FTP, mail, www -&gt; preflight -&gt; urz\u0105dzenia wyj\u015bciowe. <\/span><br \/>\n<span style=\"color: #ffffff; font-size: 20px;\">Oprogramowanie do standaryzacji i kalibracji toru druku.<\/span><\/p>\n<div class=\"fusion-button-wrapper fusion-aligncenter\"><style type=\"text\/css\" scoped=\"scoped\">.fusion-button.button-1 .fusion-button-text, .fusion-button.button-1 i {color:#ffffff;}.fusion-button.button-1 {border-width:0px;border-color:#ffffff;}.fusion-button.button-1 .fusion-button-icon-divider{border-color:#ffffff;}.fusion-button.button-1:hover .fusion-button-text, .fusion-button.button-1:hover i,.fusion-button.button-1:focus .fusion-button-text, .fusion-button.button-1:focus i,.fusion-button.button-1:active .fusion-button-text, .fusion-button.button-1:active{color:#ffffff;}.fusion-button.button-1:hover, .fusion-button.button-1:focus, .fusion-button.button-1:active{border-width:0px;border-color:#ffffff;}.fusion-button.button-1:hover .fusion-button-icon-divider, .fusion-button.button-1:hover .fusion-button-icon-divider, .fusion-button.button-1:active .fusion-button-icon-divider{border-color:#ffffff;}.fusion-button.button-1{background: #229fb5;}.fusion-button.button-1:hover,.button-1:focus,.fusion-button.button-1:active{background: #229fb5;}.fusion-button.button-1{width:auto;}<\/style><a class=\"fusion-button button-flat button-square button-xlarge button-custom button-1\" target=\"_blank\" rel=\"noopener noreferrer\" href=\"http:\/\/www.pm-software.com.pl\/\"><span class=\"fusion-button-text\">wi\u0119cej<\/span><\/a><\/div><div class=\"fusion-clearfix\"><\/div>\n\n\t\t\t<\/div>\n\t\t<\/div><\/div><\/div><div  class=\"fusion-fullwidth fullwidth-box fusion-parallax-none nonhundred-percent-fullwidth\"  style='background-color: #181818;background-image: url(\"http:\/\/ceqce.pl\/wp-content\/uploads\/2017\/01\/footer-bg.jpg\");background-position: center center;background-repeat: no-repeat;padding-top:20px;padding-right:0px;padding-bottom:20px;padding-left:0px;-webkit-background-size:cover;-moz-background-size:cover;-o-background-size:cover;background-size:cover;background-attachment:none;'><div class=\"fusion-builder-row fusion-row \"><div  class=\"fusion-layout-column fusion_builder_column fusion_builder_column_1_1  fusion-one-full fusion-column-first fusion-column-last 1_1\"  style='margin-top:0px;margin-bottom:20px;'>\n\t\t\t<div class=\"fusion-column-wrapper\" style=\"background-position:left top;background-repeat:no-repeat;-webkit-background-size:cover;-moz-background-size:cover;-o-background-size:cover;background-size:cover;\"  data-bg-url=\"\">\n\t\t\t\t<div class=\"fusion-title title fusion-sep-none fusion-title-center fusion-title-size-one\" style=\"margin-top:0px;margin-bottom:0px;\"><h1 class=\"title-heading-center\"><span style=\"color: #ffffff; font-size: 46px;\">KONTAKT<\/span><\/h1><\/div><p style=\"text-align: center;\"><span style=\"color: #3db6c9; font-size: 46px;\">+22 899 00 66 \/ 602 310 011<\/span><\/p>\n<div class=\"fusion-builder-row fusion-builder-row-inner fusion-row \"><div  class=\"fusion-layout-column fusion_builder_column fusion_builder_column_1_1  fusion-one-full fusion-column-first fusion-column-last fusion-one-full fusion-column-first fusion-column-last fusion-column-inner-bg-wrapper 1_1\"  style='margin-top: 0px;margin-bottom: 20px;'>\n\t\t\t<div class=\"fusion-column-wrapper\" style=\"border-width: 4px;border-color: #ffffff;border-style: solid;\" data-bg-url=\"\">\n\t\t\t\t<div class=\"fusion-sep-clear\"><\/div><div class=\"fusion-separator fusion-full-width-sep sep-none\" style=\"margin-left: auto;margin-right: auto;margin-top:5px;\"><\/div><p style=\"text-align: center;\"><span style=\"color: #ffffff; font-size: 46px;\">a.szymosz@pm-solutions.com.pl<\/span><\/p>\n\n\t\t\t<\/div>\n\t\t\t<span class=\"fusion-column-inner-bg hover-type-none\">\n\t\t\t\t<a href=\"mailto: a.szymosz@pm-solutions.com.pl\">\n\t\t\t\t\t<span class=\"fusion-column-inner-bg-image\" style=\"background-position:left top;background-repeat:no-repeat;-webkit-background-size:cover;-moz-background-size:cover;-o-background-size:cover;background-size:cover;\"><\/span><\/a>\n\t\t\t<\/span>\n\t\t<\/div><\/div><p style=\"text-align: center;\"><span style=\"color: #ffffff; font-size: 28px;\">UL. MENUETA 26A \/ 02 827 WARSZAWA \/ POLSKA<\/span><\/p>\n<div class=\"fusion-clearfix\"><\/div>\n\n\t\t\t<\/div>\n\t\t<\/div><\/div><\/div><\/p>\n","protected":false},"excerpt":{"rendered":"","protected":false},"author":1,"featured_media":0,"parent":0,"menu_order":0,"comment_status":"closed","ping_status":"closed","template":"100-width.php","meta":{"footnotes":""},"_links":{"self":[{"href":"http:\/\/ceqce.pl\/index.php\/wp-json\/wp\/v2\/pages\/11"}],"collection":[{"href":"http:\/\/ceqce.pl\/index.php\/wp-json\/wp\/v2\/pages"}],"about":[{"href":"http:\/\/ceqce.pl\/index.php\/wp-json\/wp\/v2\/types\/page"}],"author":[{"embeddable":true,"href":"http:\/\/ceqce.pl\/index.php\/wp-json\/wp\/v2\/users\/1"}],"replies":[{"embeddable":true,"href":"http:\/\/ceqce.pl\/index.php\/wp-json\/wp\/v2\/comments?post=11"}],"version-history":[{"count":21,"href":"http:\/\/ceqce.pl\/index.php\/wp-json\/wp\/v2\/pages\/11\/revisions"}],"predecessor-version":[{"id":162,"href":"http:\/\/ceqce.pl\/index.php\/wp-json\/wp\/v2\/pages\/11\/revisions\/162"}],"wp:attachment":[{"href":"http:\/\/ceqce.pl\/index.php\/wp-json\/wp\/v2\/media?parent=11"}],"curies":[{"name":"wp","href":"https:\/\/api.w.org\/{rel}","templated":true}]}}